- 4 = 0, 0 = -w - 2*t + 2. Let z(o) = -4*o + 5. Give z(w).
-3
Suppose 3*f - 15 = 0, -23*f + 12 = -r - 22*f. Let a(s) = s - 7. Give a(r).
-14
Suppose -4*a - 24 = -120. Let g = 51 - a. Let k(t) = t - g + 21 + 0*t. Calculate k(0).
-6
Let i(k) be the first derivative of k**2 + 8*k - 105. What is i(2)?
12
Let v(h) be the second derivative of h**6/720 - 11*h**4/12 + 15*h. Let m(b) be the third derivative of v(b). Determine m(-4).
-4
Let d(z) be the third derivative of z**7/5040 + z**6/90 + 3*z**5/10 - 7*z**2. Let g(r) be the third derivative of d(r). Calculate g(-7).
1
Let m(i) be the second derivative of i**5/20 + 13*i**4/12 + 5*i**3/3 + 11*i**2/2 + i - 2. Calculate m(-12).
35
Let w = -7 + 17. Let r(i) = -w*i + 9*i - 4 - 2*i**2 - i**3 - i**2 + 0. Determine r(-3).
-1
Let p(t) = 2*t**2 - 5*t - 1. Let s(b) = -2*b**2 + 5*b + 1. Let y(v) = 5*p(v) + 4*s(v). Let q(d) = -3*d**2 + 8*d + 1. Let m(j) = -5*q(j) - 7*y(j). What is m(6)?
8
Let q(u) = 2*u + 6. Let s be q(5). Suppose 4*y + 4*h - 57 = -13, 0 = -2*y + h + s. Suppose 5*g + y = -11. Let f(j) = j**2 + 5*j + 3. What is f(g)?
-1
Let c(q) be the first derivative of -8 + 1/2*q**2 + 9*q. Give c(7).
16
Let t(n) = 2*n - 7. Suppose s = 2*s - 6. Let j be t(s). Let v(m) = -m**2 - 2*m + 4*m**3 + j*m**2 + 2 - 4*m**3 - m**3. What is v(4)?
-6
Let i(k) = -k**3 - 6*k**2 - 5*k - 5. Let p be -10 - (-19)/(38/12). What is i(p)?
-17
Let t(f) = -4*f - 1. Let g(q) = q**2 - 8*q + 46. Let s be g(12). Let c = s - 95. What is t(c)?
3
Let b(o) = -15*o - 2. Let p be 2/6 + (-48)/36. Determine b(p).
13
Let s(i) = -i + 4. Suppose 22 = 2*p + 5*u, u = -3*p - 3*u + 19. Let l be (-1 + 2)*(p - 2). Let n be 3 - (-3 - (-13 - l)). What is s(n)?
10
Suppose 5*b + 31 - 11 = 0. Suppose -r - 14 = -4*n + 2, 1 = n - r. Let i = n + b. Let g(k) = -2*k**2 - 1. Give g(i).
-3
Let y(z) be the third derivative of z**6/120 + 7*z**5/60 + z**4/4 - z**3 - 9*z**2 + 3*z. Determine y(-5).
14
Let g(z) = -z + 2246*z**2 - 3*z - 2243*z**2 - 1. Give g(3).
14
Let y(s) = -2*s**2 - 2*s**2 + 3 - 7*s**2 + 12*s**2. Let p be y(0). Let h(f) = 4*f**3 + 2*f**2 + 0 - 4*f**3 + f**p - f + 1. What is h(-2)?
3
Let g(r) be the first derivative of r**2 + 3*r - 58. What is g(5)?
13
Let f be (-4)/(-48)*6*(3 - -1). Let k(m) = -f + 9*m - 3*m**2 - 13*m + 3*m**2 - 2*m**2. Calculate k(-2).
-2
Let x be (-1)/(((-3)/(-3))/4). Let p be x/(-2) - (4 + -2). Let n = 5 + p. Let y(h) = h**3 - 6*h**2 + 5*h - 3. What is y(n)?
-3
Let k(o) be the first derivative of -2*o**3/3 - 2*o**2 + 5*o + 150. What is k(2)?
-11
Let p be (-1 - 2)/(-1) + 17. Suppose 0 = -5*w + 4*d - 7*d - p, 5*d = 3*w - 22. Let y(m) = 2*m + 2. Let g(a) = 1. Let l(b) = w*y(b) + 3*g(b). What is l(1)?
-1
Let d(f) = f**3 + 5*f**2 - 6*f - 4. Let g be d(-6). Let i(h) be the first derivative of -1 - h**2 - 2*h - 1/3*h**3. Give i(g).
-10
Let k(q) = -3 - 5 - 5*q - q**2 - 3*q. Let w = -29 - 52. Let d = w - -75. Give k(d).
4
Let b(q) be the second derivative of -11/2*q**2 + 0 - 47*q - 1/6*q**3. What is b(0)?
-11
Let c = 319 - 312. Let l(b) = b**3 - 8*b**2 + 9*b - 13. Give l(c).
1
Let y(k) = -15*k**2 + 9*k + 15. Let c(a) = -42*a**2 + 26*a + 43. Let j(d) = -6*c(d) + 17*y(d). Give j(-2).
-9
Let y(j) be the second derivative of 11*j + 5/6*j**3 + 0 - 1/2*j**2. Calculate y(-1).
-6
Suppose -j - 2 = -3*j. Let h(p) = -j - 2 + 2 + p + 5. Suppose f - 4 = 0, -3*a + 3*f - 6 = 21. Determine h(a).
-1
Let a(x) be the third derivative of x**4/24 - 7*x**3/6 + 762*x**2. Calculate a(-8).
-15
Let t(x) = -x**2 + 613 - 292 - 6*x - 321. Let f be 0 + (2 + -2 - 0). Let s = f + -5. Determine t(s).
5
Let k(r) = 13*r**2 + 10. Let d(c) = -2*c**2 - 2*c + 1. Let z(x) = 6*d(x) + k(x). Give z(10).
-4
Let z(o) = o + 3. Let n = 256 + -262. What is z(n)?
-3
Let x(z) = z - 2. Let v(w) = -6*w**3 + 2*w**2 - w. Let s = 28 + -27. Let g be v(s). Give x(g).
-7
Suppose -x = 4*u + 15, 5*u + 10 = -x - 9. Suppose -x + 15 = 7*h. Let b(r) = 4*r + 2. Determine b(h).
10
Let a(b) = b**3 + 3*b**2 + 4*b + 3. Let o be 30/(-8)*32/12. Let p = 7 + o. Give a(p).
-9
Let p(b) = -b**2 + 2*b - 4. Let v be 1 + 2/((-4)/(-6)). Let i be 2 + 26/13*(-1)/(-2). Suppose -5*k + i*w = -4 - v, 0 = -2*k + w + 4. Determine p(k).
-12
Let r(d) = -2*d. Let x(q) = -24*q - 15. Let i(o) = -11*o - 7. Let j(v) = 13*i(v) - 6*x(v). Let p(u) = 6*j(u) + 2*r(u). Let l = -5 - -11. Give p(l).
6
Let i(o) = o**2 - 11*o - 8. Let x be (-3)/(-2)*(-112)/(-24). Let t(n) = 4*n**2 - 34*n - 24. Let h(k) = x*i(k) - 2*t(k). Give h(-8).
0
Let k(i) = 4*i + 2. Let a = -54 + 55. Let w(b) = b. Let d(c) = a*k(c) - 3*w(c). Let g(y) = y**3 - 6*y**2 + y - 3. Let v be g(6). Give d(v).
5
Let s(n) be the first derivative of -n**2 + 5*n - 4. Let p(u) = u. Let d(q) = -p(q) + s(q). Let m(t) = -7*t + 11. Let c(r) = -9*d(r) + 4*m(r). What is c(6)?
-7
Let n(d) = d + 5 - d**2 + 8 - 8*d. Let m = 18 + -27. Calculate n(m).
-5
Let m(j) = 3*j**2 - 13*j - 1. Let i(x) = x**2 - 4*x. Let u(v) = -7*i(v) + 2*m(v). Let r be 12/3 + -3 - (1 - 2). Give u(r).
-2
Suppose -76 = -4*i + 72. Let s = -43 + i. Let b(c) = -c**2 - 6*c - 7. What is b(s)?
-7
Let c(g) = g + 14. Let k = -111 - -98. Determine c(k).
1
Suppose 8 = -y + 2*y + 4*k, -5*y = 2*k - 76. Let q(l) = 32*l - 6*l + 25*l + 44 + y. Let g(x) = 5*x + 6. Let u(r) = -21*g(r) + 2*q(r). Determine u(-4).
6
Let z(n) = 2*n - 11. Let u be (-8)/(-16) + 14/4. Suppose 0*g - u = -2*g - 4*q, 0 = 4*g - q - 35. Give z(g).
5
Let m(s) = s**2 + 3*s - 2. Let q(a) = -5*a - a**3 - 6*a**2 - 1 - 1 + 1 - 3. Let r be q(-5). Calculate m(r).
2
Let v(x) = -x**2 + 5*x + 7. Suppose 2*o + o = 2*q + 14, 0 = 5*q + 5*o + 10. Let p be (1 + (-11 - q))/(-1). Calculate v(p).
1
Let a be 10/15 + (-12)/(-9). Suppose 0 = -2*u - 6*c + a*c - 36, -7 = 4*u - 5*c. Let g(j) = -j**2 - 7*j. What is g(u)?
-8
Suppose 17 + 190 = -23*n. Let l(h) = h**3 + 10*h**2 + 10*h + 13. Give l(n).
4
Suppose -s = -0 - 3, -5*s = 5*q - 60. Let c(f) = -f**2 - 12*f + 14. Let n be c(-13). Let x(r) = 3 + 2 - 5 - q*r + n. What is x(-1)?
10
Let d(k) = -12*k + 33. Let t = 7 - -1. Suppose 3*i - t*i = -45. Let z(s) = 3*s - 8. Let n(h) = i*z(h) + 2*d(h). Calculate n(5).
9
Let y(q) = q**2 + q - 3. Suppose 26*o + 15 = 31*o. Let t be ((-1)/o)/((-7)/84). Calculate y(t).
17
Suppose -5*f - 3*h - 17 = 0, -2*f + 2*h - 6 = -f. Let m(w) = -2*w - 4. Give m(f).
4
Let o(z) = -z**3 + 18*z**2 + 18*z + 16. Suppose -4*c + 92 = 4*l, -2*l + 6*l = -2*c + 84. What is o(l)?
-3
Let g(p) = -91 + 90 + 12*p - 6*p + 12*p. What is g(1)?
17
Let i(m) be the third derivative of m**6/120 + m**5/12 - m**4/3 - 3*m**3/2 - 18*m**2. What is i(-6)?
3
Let k(c) be the second derivative of -c**5/20 + 5*c**4/6 + 11*c**3/6 - 2*c**2 + 50*c. Determine k(11).
-4
Suppose 0 = -3*h - 2*n + 9 + 6, 5*h + 3*n = 24. Let d(a) be the first derivative of 1/3*a**3 + 1 - h*a + 2*a**2. Calculate d(2).
9
Suppose -y = 2*y - 12. Let q(x) = 4*x - 15. Let f be q(6). Suppose -7*h + f*h = -y. Let l(o) = o**3 + 2*o**2 + o + 1. Determine l(h).
-1
Let u(c) = 16*c**2 - 9*c + 5. Let o(p) = 3*p**2 - 2*p + 1. Let w(d) = 11*o(d) - 2*u(d). What is w(6)?
13
Suppose 2*j + 2*j + 12 = 0. Let k(t) be the third derivative of 1/12*t**4 + 0 + t**2 + 0*t + 1/2*t**3. Give k(j).
-3
Let h(j) = 38*j**2 - 2*j + 2. Suppose 25 = 5*l - 4*o, -3*l - 3*o - 22 = 2*o. Give h(l).
38
Let l(d) = -9*d + 1. Let x(k) = -33*k + 7. Let s(q) = 7*l(q) - 2*x(q). Let p be 3/(-3)*(0 + -6). Give s(p).
11
Let b(p) = 0*p + 3*p - 147 + 158. Suppose 0 = -m + j - 2 - 0, -3 = 4*m + j. Let h(k) = k + 1. Let x(o) = m*b(o) + 5*h(o). Give x(5).
4
Let z(b) be the first derivative of b**4/4 + 2*b**3/3 + b**2/2 + 2*b + 91. Give z(-3).
-10
Let v(u) = -u**3 + 5*u**2 + 5*u. Let m = 386 + -380. What is v(m)?
-6
Let t(s) = -s**3 + 6*s**2 + 7*s - 8. Suppose 19*n = 17*n + 14. What is t(n)?
-8
Let l be (-2)/(2*-2)*34. Let h = l + -11. Let i(a) = -a + 1. Let s(q) = -q**2 + 8*q - 1. Let d(v) = -i(v) - s(v). Calculate d(h).
-6
Let j(w) = -2*w**2 + w + 1. Let d(n) = 14*n**2 - 10*n - 4. Let p(l) = d(l) + 6*j(l). What is p(3)?
8
Let g(o) be the first derivative of o**6/360 + o**5/24 + o**4/4 - 5*o**3/3 + 14. Let n(h) be the third derivative of g(h). What is n(-5)?
6
Let t be ((-54)/45)/(6/(-20)). Let n(h) = 0*h**2 - 3*h + 0*h + 2 + t*h**2 - h**2. Suppose 4*i + 2*k + 0*k - 2 = 0, 15 = -5*k. What is n(i)?
8
Let o(w) = -w. Let f(c) be the seco